{"id":17,"date":"2013-09-27T17:07:09","date_gmt":"2013-09-27T17:07:09","guid":{"rendered":"http:\/\/essen-sued.de\/website\/?page_id=17"},"modified":"2013-09-27T17:13:49","modified_gmt":"2013-09-27T17:13:49","slug":"lieblingsplatze-in-essen-sud","status":"publish","type":"page","link":"https:\/\/essen-sued.de\/website\/portrat-essen-sud\/lieblingsplatze-in-essen-sud\/","title":{"rendered":"Lieblingspl\u00e4tze in Essen-S\u00fcd"},"content":{"rendered":"<p>demn\u00e4chst mehr &#8230;<\/p>\n<p>&#8230; zum Isenbergplatz<\/p>\n<p>&#8230; zum Stadtgarten<\/p>\n","protected":false},"excerpt":{"rendered":"<p>demn\u00e4chst mehr &#8230; &#8230; zum Isenbergplatz &#8230; zum Stadtgarten<\/p>\n","protected":false},"author":1,"featured_media":0,"parent":9,"menu_order":4,"comment_status":"open","ping_status":"open","template":"","meta":{"footnotes":""},"class_list":["post-17","page","type-page","status-publish","hentry"],"_links":{"self":[{"href":"https:\/\/essen-sued.de\/website\/wp-json\/wp\/v2\/pages\/17","targetHints":{"allow":["GET"]}}],"collection":[{"href":"https:\/\/essen-sued.de\/website\/wp-json\/wp\/v2\/pages"}],"about":[{"href":"https:\/\/essen-sued.de\/website\/wp-json\/wp\/v2\/types\/page"}],"author":[{"embeddable":true,"href":"https:\/\/essen-sued.de\/website\/wp-json\/wp\/v2\/users\/1"}],"replies":[{"embeddable":true,"href":"https:\/\/essen-sued.de\/website\/wp-json\/wp\/v2\/comments?post=17"}],"version-history":[{"count":2,"href":"https:\/\/essen-sued.de\/website\/wp-json\/wp\/v2\/pages\/17\/revisions"}],"predecessor-version":[{"id":57,"href":"https:\/\/essen-sued.de\/website\/wp-json\/wp\/v2\/pages\/17\/revisions\/57"}],"up":[{"embeddable":true,"href":"https:\/\/essen-sued.de\/website\/wp-json\/wp\/v2\/pages\/9"}],"wp:attachment":[{"href":"https:\/\/essen-sued.de\/website\/wp-json\/wp\/v2\/media?parent=17"}],"curies":[{"name":"wp","href":"https:\/\/api.w.org\/{rel}","templated":true}]}}