{"id":15,"date":"2013-09-27T16:52:45","date_gmt":"2013-09-27T16:52:45","guid":{"rendered":"http:\/\/essen-sued.de\/website\/?page_id=15"},"modified":"2018-06-03T12:17:37","modified_gmt":"2018-06-03T12:17:37","slug":"gastronomie-und-geschafte","status":"publish","type":"page","link":"https:\/\/essen-sued.de\/website\/portrat-essen-sud\/gastronomie-und-geschafte\/","title":{"rendered":"Gastronomie und Gesch\u00e4fte"},"content":{"rendered":"<p>Schon lange hatten wir uns vorgenommen, auf dieser Seite Gesch\u00e4fte und Gastronomie aus dem S\u00fcdviertel aufzulisten.<br \/>\nNun macht es uns ein Verbund leicht: Das<br \/>\n&nbsp;<\/p>\n<h3>Kaufhaus S\u00fcd<\/h3>\n<p>&nbsp;<br \/>\nist ein loser Zusammenschluss von inhabergef\u00fchrten Gesch\u00e4ften aus dem Essener S\u00fcdviertel. Eine Website (<a title=\"Kaufhaus S\u00fcd\" href=\"https:\/\/kaufhaussued.de\" target=\"_blank\">kaufhaussued.de<\/a>) macht es ganz bequem, unter den Rubriken<\/p>\n<ul>\n<li>Essen &amp; Trinken<\/li>\n<li>Dienstleistungen<\/li>\n<li>Kunst &amp; Handwerk<\/li>\n<li>Mode &amp; Lifestyle<\/li>\n<li>Gesundheit<\/li>\n<li>Handel<\/li>\n<li>Wohnen<\/li>\n<\/ul>\n<p>manches Kleinod, Fachgesch\u00e4ft und guten Service &#8222;umme Ecke&#8220; zu entdecken. Und dann sind die Wege ja wirklich nicht weit, pers\u00f6nlich vorbeizuschauen zum Einkaufen und Genie\u00dfen.<\/p>\n<p>&nbsp;<\/p>\n","protected":false},"excerpt":{"rendered":"<p>Schon lange hatten wir uns vorgenommen, auf dieser Seite Gesch\u00e4fte und Gastronomie aus dem S\u00fcdviertel aufzulisten. Nun macht es uns ein Verbund leicht: Das &nbsp; Kaufhaus S\u00fcd &nbsp; ist ein loser Zusammenschluss von inhabergef\u00fchrten Gesch\u00e4ften aus dem Essener S\u00fcdviertel. Eine Website (kaufhaussued.de) macht es ganz bequem, unter den Rubriken Essen &amp; Trinken Dienstleistungen Kunst &amp; [&hellip;]<\/p>\n","protected":false},"author":1,"featured_media":0,"parent":9,"menu_order":3,"comment_status":"open","ping_status":"open","template":"","meta":{"footnotes":""},"class_list":["post-15","page","type-page","status-publish","hentry"],"_links":{"self":[{"href":"https:\/\/essen-sued.de\/website\/wp-json\/wp\/v2\/pages\/15","targetHints":{"allow":["GET"]}}],"collection":[{"href":"https:\/\/essen-sued.de\/website\/wp-json\/wp\/v2\/pages"}],"about":[{"href":"https:\/\/essen-sued.de\/website\/wp-json\/wp\/v2\/types\/page"}],"author":[{"embeddable":true,"href":"https:\/\/essen-sued.de\/website\/wp-json\/wp\/v2\/users\/1"}],"replies":[{"embeddable":true,"href":"https:\/\/essen-sued.de\/website\/wp-json\/wp\/v2\/comments?post=15"}],"version-history":[{"count":8,"href":"https:\/\/essen-sued.de\/website\/wp-json\/wp\/v2\/pages\/15\/revisions"}],"predecessor-version":[{"id":353,"href":"https:\/\/essen-sued.de\/website\/wp-json\/wp\/v2\/pages\/15\/revisions\/353"}],"up":[{"embeddable":true,"href":"https:\/\/essen-sued.de\/website\/wp-json\/wp\/v2\/pages\/9"}],"wp:attachment":[{"href":"https:\/\/essen-sued.de\/website\/wp-json\/wp\/v2\/media?parent=15"}],"curies":[{"name":"wp","href":"https:\/\/api.w.org\/{rel}","templated":true}]}}