{"id":11,"date":"2013-09-27T16:47:50","date_gmt":"2013-09-27T16:47:50","guid":{"rendered":"http:\/\/essen-sued.de\/website\/?page_id=11"},"modified":"2018-06-03T12:16:45","modified_gmt":"2018-06-03T12:16:45","slug":"geschichtliches","status":"publish","type":"page","link":"https:\/\/essen-sued.de\/website\/portrat-essen-sud\/geschichtliches\/","title":{"rendered":"Geschichtliches"},"content":{"rendered":"<div class='one_third'>\n\t\t\t\t\t<div id=\"attachment_96\" style=\"width: 310px\" class=\"wp-caption alignnone\"><a href=\"https:\/\/essen-sued.de\/website\/wp-content\/uploads\/2013\/09\/Isabellastra\u00dfe_1918.jpg\"><img loading=\"lazy\" decoding=\"async\" aria-describedby=\"caption-attachment-96\" class=\"size-medium wp-image-96\" alt=\"Foto der Isabellastra\u00dfe 1918\" src=\"https:\/\/essen-sued.de\/website\/wp-content\/uploads\/2013\/09\/Isabellastra\u00dfe_1918-300x190.jpg\" width=\"300\" height=\"190\" srcset=\"https:\/\/essen-sued.de\/website\/wp-content\/uploads\/2013\/09\/Isabellastra\u00dfe_1918-300x190.jpg 300w, https:\/\/essen-sued.de\/website\/wp-content\/uploads\/2013\/09\/Isabellastra\u00dfe_1918.jpg 1009w\" sizes=\"auto, (max-width: 300px) 100vw, 300px\" \/><\/a><p id=\"caption-attachment-96\" class=\"wp-caption-text\">Isabellastra\u00dfe 1918<\/p><\/div>\n\t\t\t\t<\/div><div class='two_third et_column_last'>\n\t\t\t\t\t<strong>Wie Essen-S\u00fcd wurde, was es ist<\/strong><\/p>\n<p>Vor 150 Jahren erstreckten sich in Essen-S\u00fcd noch Wiesen und \u00c4cker. Nur die Rellinghauser Stra\u00dfe gab es schon &#8230;\n(demn\u00e4chst mehr)\n\t\t\t\t<\/div><div class='clear'><\/div><\/p>\n<div class='one_third'>\n\t\t\t\t\t<div id=\"attachment_101\" style=\"width: 310px\" class=\"wp-caption alignnone\"><a href=\"https:\/\/essen-sued.de\/website\/wp-content\/uploads\/2013\/09\/2schilder.jpg\"><img loading=\"lazy\" decoding=\"async\" aria-describedby=\"caption-attachment-101\" class=\"size-medium wp-image-101\" alt=\"alte und neue Stra\u00dfenschilder\" src=\"https:\/\/essen-sued.de\/website\/wp-content\/uploads\/2013\/09\/2schilder-300x225.jpg\" width=\"300\" height=\"225\" srcset=\"https:\/\/essen-sued.de\/website\/wp-content\/uploads\/2013\/09\/2schilder-300x225.jpg 300w, https:\/\/essen-sued.de\/website\/wp-content\/uploads\/2013\/09\/2schilder.jpg 640w\" sizes=\"auto, (max-width: 300px) 100vw, 300px\" \/><\/a><p id=\"caption-attachment-101\" class=\"wp-caption-text\">alte und neue Stra\u00dfenschilder<\/p><\/div>\n\t\t\t\t<\/div><div class='two_third et_column_last'>\n\t\t\t\t\t<strong>Auseinandersetzung um Stra\u00dfennamen<\/strong><\/p>\n<p>2012 beschloss die Bezirksvertretung II, der Von-Seeckt- und der Von-Einem-Stra\u00dfe ihre urspr\u00fcnglichen Namen Irmgardstra\u00dfe und Ortrudstra\u00dfe zur\u00fcckzugeben. Schnell formierte sich eine B\u00fcrgerinitiative dagegen &#8211; die &#8222;Initiative ProVon&#8220;. Sie sammelte gen\u00fcgend Unterschriften gegen diesen Beschluss und f\u00fchrte damit einen B\u00fcrgerentscheid herbei. Die Initiative &#8222;Irmgard und Ortrud&#8220; wiederum unterst\u00fctzte die R\u00fcckbenennung der Stra\u00dfen. Am 03.02.2013 entschieden die W\u00e4hler\/innen aus R\u00fcttenscheid, Stadtwald und Rellinghausen, dass es bei den Generalsnamen bleiben solle. Wer die damalige Diskussion nachverfolgen m\u00f6chte, kann dies auf den Webseiten der beiden Initiativen tun: <a title=\"Initiative ProVon Essen\" href=\"https:\/\/provon.npage.de\/\" target=\"_blank\">ProVon<\/a> und <a title=\"Anwohnerinitiative Irmgard-und-Ortrd\" href=\"https:\/\/www.irmgard-und-ortrud.de\/\" target=\"_blank\">Irmgard-und-Ortrud<\/a>\n\t\t\t\t<\/div><div class='clear'><\/div><\/p>\n<div class='one_third'>\n\t\t\t\t\t<div id=\"attachment_112\" style=\"width: 310px\" class=\"wp-caption alignnone\"><a href=\"https:\/\/essen-sued.de\/website\/wp-content\/uploads\/2013\/09\/von-seeckt-str32.jpg\"><img loading=\"lazy\" decoding=\"async\" aria-describedby=\"caption-attachment-112\" class=\"size-full wp-image-112\" alt=\"Von-Seeckt-Str. 32\" src=\"https:\/\/essen-sued.de\/website\/wp-content\/uploads\/2013\/09\/von-seeckt-str32.jpg\" width=\"300\" height=\"210\" \/><\/a><p id=\"caption-attachment-112\" class=\"wp-caption-text\">Von-Seeckt-Str. 32<\/p><\/div>\n\t\t\t\t<\/div><div class='two_third et_column_last'>\n\t\t\t\t\t<strong>Spurensuche: J\u00fcdische Mitb\u00fcrger\/innen<\/strong><\/p>\n<p>Auf diesem Parkplatz stand bis zu dessen Zerst\u00f6rung im Zweiten Weltkrieg das Haus Von-Seeckt-Str. 32. Zusammen mit dem Haus Nr. 47 bildeten diese beiden Orte die von den Nationalsozialisten so genannten &#8222;Judenh\u00e4user&#8220; des Stra\u00dfenbezirks, in die als Juden angesehene Mitmenschen zwangsweise umziehen und unter sehr beengten Verh\u00e4ltnissen leben mussten. Aus diesen kleinr\u00e4umigen Ghettos wurden die Verfolgten ab 1941 in den Osten Europas deportiert und dort ermordet.\nDie Geschichtsgruppe der Anwohner-Initiative Irmgard-und-Ortrud hat das Schicksal der hierher gezwungenen und sp\u00e4ter deportierten und ermordeten j\u00fcdischen Mitb\u00fcrger\/innen f\u00fcr uns sichtbar gemacht: 25 neu verlegte Stolpersteine erinnern seit Ende April 2015 an 25 J\u00fcdinnen und Juden, die in der Von-Einem- und der Von-Seeckt-Str. gelebt hatten. Mehr zu diesen Stolpersteinen, der Brosch\u00fcre dazu und den erg\u00e4nzenden Veranstaltungen finden Sie <a href=\"https:\/\/essen-sued.de\/website\/stolpersteine-und-mehr\/\" title=\"Stolpersteine und mehr\" target=\"_blank\">hier<\/a> und\nmehr zur Arbeit der Geschichtsgruppe <a title=\"Holocaust-Opfer in der Von-Seeckt-Str.\" href=\"https:\/\/www.irmgard-und-ortrud.de\/holocaust-opfer.html\" target=\"_blank\">hier<\/a>\n\t\t\t\t<\/div><div class='clear'><\/div><\/p>\n<div class='one_third'>\n\t\t\t\t\t<div id=\"attachment_100\" style=\"width: 310px\" class=\"wp-caption alignnone\"><a href=\"https:\/\/essen-sued.de\/website\/wp-content\/uploads\/2013\/09\/Stolperstein_FridaLevy.jpg\"><img loading=\"lazy\" decoding=\"async\" aria-describedby=\"caption-attachment-100\" class=\"size-medium wp-image-100\" alt=\"Stolperstein f\u00fcr Frida Levy\" src=\"https:\/\/essen-sued.de\/website\/wp-content\/uploads\/2013\/09\/Stolperstein_FridaLevy-300x225.jpg\" width=\"300\" height=\"225\" srcset=\"https:\/\/essen-sued.de\/website\/wp-content\/uploads\/2013\/09\/Stolperstein_FridaLevy-300x225.jpg 300w, https:\/\/essen-sued.de\/website\/wp-content\/uploads\/2013\/09\/Stolperstein_FridaLevy.jpg 640w\" sizes=\"auto, (max-width: 300px) 100vw, 300px\" \/><\/a><p id=\"caption-attachment-100\" class=\"wp-caption-text\">Stolperstein f\u00fcr Frida Levy<\/p><\/div>\n\t\t\t\t<\/div><div class='two_third et_column_last'>\n\t\t\t\t\t<strong>Stolperstein f\u00fcr Frida Levy<\/strong><\/p>\n<p>Stolpersteine des K\u00fcnstlers Gunter Demnig erinnern an j\u00fcdische Mitb\u00fcrgerinnen und Mitb\u00fcrger &#8211; auf dem B\u00fcrgersteig vor den H\u00e4usern, in denen sie zuletzt wohnten. In Essen-S\u00fcd z.B. an Frida Levy, J\u00fcdin, Sozialdemokratin, Frauenrechtlerin, zuletzt wohnhaft in der Moltkestra\u00dfe 28. Ihr zu Ehren wurde 2001 die Gesamtschule Essen-Mitte in Frida-Levy-Gesamtschule umbenannt.<\/p>\n<p>Mehr \u00fcber Frida Levy, ihre Lebensgeschichte und ihr Wirken k\u00f6nnen Sie <a title=\"Lebensgeschichte Frida Levy auf der Homepage der Frida-Levy-Gesamtschule\" href=\"https:\/\/www.frida-levy-gesamtschule.de\/frida-levy\/\" target=\"_blank\">hier<\/a> nachlesen.<\/p>\n<p>Eine Liste weiterer Stolpersteine, die an j\u00fcdische Mitb\u00fcrger\/innen aus Essen-S\u00fcd erinnern, die sp\u00e4ter deportiert und ermordet wurden, finden Sie <a title=\"Stolpersteine in Essen-S\u00fcd\" href=\"https:\/\/www.essen.de\/de\/Leben\/Stadtteile\/suedviertel\/geschichte_9.html\" target=\"_blank\">hier<\/a>.\n\t\t\t\t<\/div><div class='clear'><\/div><\/p>\n","protected":false},"excerpt":{"rendered":"","protected":false},"author":1,"featured_media":0,"parent":9,"menu_order":1,"comment_status":"open","ping_status":"open","template":"","meta":{"footnotes":""},"class_list":["post-11","page","type-page","status-publish","hentry"],"_links":{"self":[{"href":"https:\/\/essen-sued.de\/website\/wp-json\/wp\/v2\/pages\/11","targetHints":{"allow":["GET"]}}],"collection":[{"href":"https:\/\/essen-sued.de\/website\/wp-json\/wp\/v2\/pages"}],"about":[{"href":"https:\/\/essen-sued.de\/website\/wp-json\/wp\/v2\/types\/page"}],"author":[{"embeddable":true,"href":"https:\/\/essen-sued.de\/website\/wp-json\/wp\/v2\/users\/1"}],"replies":[{"embeddable":true,"href":"https:\/\/essen-sued.de\/website\/wp-json\/wp\/v2\/comments?post=11"}],"version-history":[{"count":19,"href":"https:\/\/essen-sued.de\/website\/wp-json\/wp\/v2\/pages\/11\/revisions"}],"predecessor-version":[{"id":352,"href":"https:\/\/essen-sued.de\/website\/wp-json\/wp\/v2\/pages\/11\/revisions\/352"}],"up":[{"embeddable":true,"href":"https:\/\/essen-sued.de\/website\/wp-json\/wp\/v2\/pages\/9"}],"wp:attachment":[{"href":"https:\/\/essen-sued.de\/website\/wp-json\/wp\/v2\/media?parent=11"}],"curies":[{"name":"wp","href":"https:\/\/api.w.org\/{rel}","templated":true}]}}